{"id":575,"date":"2024-11-24T18:39:45","date_gmt":"2024-11-24T18:39:45","guid":{"rendered":"http:\/\/salonnakovammaiset.fi\/?page_id=575"},"modified":"2024-12-08T07:24:29","modified_gmt":"2024-12-08T07:24:29","slug":"tietoa-nakovammaisuudesta-copy","status":"publish","type":"page","link":"https:\/\/snvdemo.konstfabrik.fi\/index.php\/tietoa-nakovammaisuudesta-copy\/","title":{"rendered":"Kokemustoiminta"},"content":{"rendered":"\t\t<div data-elementor-type=\"wp-page\" data-elementor-id=\"575\" class=\"elementor elementor-575\">\n\t\t\t\t<div class=\"elementor-element elementor-element-dbccc32 e-flex e-con-boxed e-con e-parent\" data-id=\"dbccc32\" data-element_type=\"container\" data-e-type=\"container\">\n\t\t\t\t\t<div class=\"e-con-inner\">\n\t\t\t\t<div class=\"elementor-element elementor-element-ff5d114 elementor-widget elementor-widget-heading\" data-id=\"ff5d114\" data-element_type=\"widget\" data-e-type=\"widget\" data-widget_type=\"heading.default\">\n\t\t\t\t<div class=\"elementor-widget-container\">\n\t\t\t\t\t<h2 class=\"elementor-heading-title elementor-size-default\">Kokemustoiminta<\/h2>\t\t\t\t<\/div>\n\t\t\t\t<\/div>\n\t\t\t\t\t<\/div>\n\t\t\t\t<\/div>\n\t\t<div class=\"elementor-element elementor-element-085f4ae e-flex e-con-boxed e-con e-parent\" data-id=\"085f4ae\" data-element_type=\"container\" data-e-type=\"container\">\n\t\t\t\t\t<div class=\"e-con-inner\">\n\t\t\t\t<div class=\"elementor-element elementor-element-0e75a56 elementor-widget elementor-widget-text-editor\" data-id=\"0e75a56\" data-element_type=\"widget\" data-e-type=\"widget\" data-widget_type=\"text-editor.default\">\n\t\t\t\t<div class=\"elementor-widget-container\">\n\t\t\t\t\t\t\t\t\t<p>Salon N\u00e4k\u00f6vammaiset ry on kokemustiedon jakaja. Kanssamme voit kehitt\u00e4\u00e4 oman yrityksesi tai ty\u00f6yhteis\u00f6si toimintatapoja ja tehd\u00e4 palvelumuotoilua huomioiden n\u00e4k\u00f6vammaiset k\u00e4ytt\u00e4j\u00e4t. Olemme valmiita sitoutumaan pitkiinkin prosesseihin ja osallistumaan erilaiseen kehitysty\u00f6h\u00f6n.<\/p><p>Tarjoamme kokemuksena sinulle, ty\u00f6yhteis\u00f6llesi tai asiakkaillesi pime\u00e4n kahvilan tai vaikkapa illallisen pime\u00e4ss\u00e4. Kaikki on kanssamme mahdollista, kunhan p\u00e4\u00e4st\u00e4\u00e4n sopimaan yhdess\u00e4 asioista. Voimme tuoda n\u00e4m\u00e4 kokemukselliset tapahtumat toivomaasi paikkaan, kun puitteet ovat kunnossa.<\/p><p>El\u00e4v\u00e4 kirjasto on osa yhdistyksemme kokemustoimintaa, joten jos kaipaat kirjaa n\u00e4k\u00f6vammaisuudesta, ota yhteytt\u00e4!<\/p><p><em><strong>N\u00e4in n\u00e4en pime\u00e4ss\u00e4<\/strong><\/em><\/p><ul><li>Kesto: 1,5 tuntia<\/li><li>Hinta: 130 \u20ac (+ matkakulut yli 30 km matkalta)<\/li><li>Hintaan sis\u00e4ltyy:<\/li><li>Erilaiset n\u00e4k\u00f6vammat<\/li><li>Simulaatiolasien kokeilu<\/li><li>Apuv\u00e4lineit\u00e4<\/li><li>Erilaisia esitteit\u00e4<\/li><\/ul><p><em><strong>Kokemuksellinen koulutus<\/strong><\/em><\/p><ul><li>Kesto: noin 3 tuntia<\/li><li>Hinta: 250 \u20ac (+ matkakulut yli 30 km matkalta)<\/li><li>Hintaan sis\u00e4ltyy:<\/li><li>N\u00e4k\u00f6vammaisten arkea<\/li><li>Mit\u00e4 n\u00e4k\u00f6vammaisuus on?<\/li><li>Mit\u00e4 teet, kun kohtaat n\u00e4k\u00f6vammaisen?<\/li><li>Simulaatiolasit<\/li><li>Opastusote<\/li><li>Apuv\u00e4lineiden esittely\u00e4<\/li><li>Erilaisia esitteit\u00e4<\/li><\/ul><p><em><strong>Pime\u00e4 kahvila<\/strong><\/em><\/p><ul><li>Kesto: tilaajan toiveiden mukaan, 10 minuutista useampaan tuntiin<\/li><li>Hinta: sopimuksen mukaan.<\/li><\/ul><p><strong>Lis\u00e4tietoa pime\u00e4st\u00e4 kahvilasta<\/strong><\/p><ul><li><strong>kahvilatarpeet yhdistyksest\u00e4<\/strong><\/li><li>alle 2 tuntia 100 \u20ac<\/li><li>2 &#8211; 4 tuntia 150 \u20ac<\/li><li>yli 4 tuntia 200 \u20ac<\/li><li><strong>kahvilatarpeet tilaajan taholta<\/strong><\/li><li>alle 2 tuntia 30 \u20ac<\/li><li>2 &#8211; 4 tuntia 50 \u20ac<\/li><li>yli 4 tuntia 100 \u20ac<\/li><\/ul><p>Haluatko jotain edellisist\u00e4? Voit tilata toiveidesi mukaisen koulutuksen tai pidennetyn tietoiskun. Hinnaston ulkopuolisista kokonaisuuksista ja niiden hinnoista sovitaan kunkin tilaajan kanssa erikseen.<\/p><p>Koulutuksista ja informaatiosta vastaavat yhdistyksen j\u00e4senet, joten paikalla on aina asiantuntija.<\/p>\t\t\t\t\t\t\t\t<\/div>\n\t\t\t\t<\/div>\n\t\t\t\t\t<\/div>\n\t\t\t\t<\/div>\n\t\t\t\t<\/div>\n\t\t","protected":false},"excerpt":{"rendered":"<p>Kokemustoiminta Salon N\u00e4k\u00f6vammaiset ry on kokemustiedon jakaja. Kanssamme voit kehitt\u00e4\u00e4 oman yrityksesi tai ty\u00f6yhteis\u00f6si toimintatapoja ja tehd\u00e4 palvelumuotoilua huomioiden n\u00e4k\u00f6vammaiset k\u00e4ytt\u00e4j\u00e4t. Olemme valmiita sitoutumaan pitkiinkin prosesseihin ja osallistumaan erilaiseen kehitysty\u00f6h\u00f6n. Tarjoamme kokemuksena sinulle, ty\u00f6yhteis\u00f6llesi tai asiakkaillesi pime\u00e4n kahvilan tai vaikkapa illallisen pime\u00e4ss\u00e4. Kaikki on kanssamme mahdollista, kunhan p\u00e4\u00e4st\u00e4\u00e4n sopimaan yhdess\u00e4 asioista. Voimme tuoda n\u00e4m\u00e4 kokemukselliset &#8230; <a title=\"Kokemustoiminta\" class=\"read-more\" href=\"https:\/\/snvdemo.konstfabrik.fi\/index.php\/tietoa-nakovammaisuudesta-copy\/\" aria-label=\"Lue lis\u00e4\u00e4 aiheesta Kokemustoiminta\">Lue lis\u00e4\u00e4<\/a><\/p>\n","protected":false},"author":1,"featured_media":0,"parent":0,"menu_order":0,"comment_status":"closed","ping_status":"closed","template":"","meta":{"footnotes":""},"class_list":["post-575","page","type-page","status-publish"],"_links":{"self":[{"href":"https:\/\/snvdemo.konstfabrik.fi\/index.php\/wp-json\/wp\/v2\/pages\/575","targetHints":{"allow":["GET"]}}],"collection":[{"href":"https:\/\/snvdemo.konstfabrik.fi\/index.php\/wp-json\/wp\/v2\/pages"}],"about":[{"href":"https:\/\/snvdemo.konstfabrik.fi\/index.php\/wp-json\/wp\/v2\/types\/page"}],"author":[{"embeddable":true,"href":"https:\/\/snvdemo.konstfabrik.fi\/index.php\/wp-json\/wp\/v2\/users\/1"}],"replies":[{"embeddable":true,"href":"https:\/\/snvdemo.konstfabrik.fi\/index.php\/wp-json\/wp\/v2\/comments?post=575"}],"version-history":[{"count":10,"href":"https:\/\/snvdemo.konstfabrik.fi\/index.php\/wp-json\/wp\/v2\/pages\/575\/revisions"}],"predecessor-version":[{"id":588,"href":"https:\/\/snvdemo.konstfabrik.fi\/index.php\/wp-json\/wp\/v2\/pages\/575\/revisions\/588"}],"wp:attachment":[{"href":"https:\/\/snvdemo.konstfabrik.fi\/index.php\/wp-json\/wp\/v2\/media?parent=575"}],"curies":[{"name":"wp","href":"https:\/\/api.w.org\/{rel}","templated":true}]}}