{"id":211,"date":"2024-09-15T06:45:55","date_gmt":"2024-09-15T06:45:55","guid":{"rendered":"https:\/\/demo.konstfabrik.fi\/?page_id=211"},"modified":"2024-10-27T18:59:16","modified_gmt":"2024-10-27T18:59:16","slug":"yhteystiedot","status":"publish","type":"page","link":"https:\/\/snvdemo.konstfabrik.fi\/index.php\/yhteystiedot\/","title":{"rendered":"Yhteystiedot"},"content":{"rendered":"\t\t<div data-elementor-type=\"wp-page\" data-elementor-id=\"211\" class=\"elementor elementor-211\">\n\t\t\t\t<div class=\"elementor-element elementor-element-9a16e36 e-flex e-con-boxed e-con e-parent\" data-id=\"9a16e36\" data-element_type=\"container\" data-e-type=\"container\">\n\t\t\t\t\t<div class=\"e-con-inner\">\n\t\t\t\t<div class=\"elementor-element elementor-element-c342b8f elementor-widget elementor-widget-heading\" data-id=\"c342b8f\" data-element_type=\"widget\" data-e-type=\"widget\" data-widget_type=\"heading.default\">\n\t\t\t\t<div class=\"elementor-widget-container\">\n\t\t\t\t\t<h2 class=\"elementor-heading-title elementor-size-default\">Yhteystiedot<\/h2>\t\t\t\t<\/div>\n\t\t\t\t<\/div>\n\t\t\t\t<div class=\"elementor-element elementor-element-baab5e3 elementor-widget elementor-widget-text-editor\" data-id=\"baab5e3\" data-element_type=\"widget\" data-e-type=\"widget\" data-widget_type=\"text-editor.default\">\n\t\t\t\t<div class=\"elementor-widget-container\">\n\t\t\t\t\t\t\t\t\t<h4 class=\"western\"><strong>SALON N\u00c4K\u00d6VAMMAISET RY:N TOIMIHENKIL\u00d6T<\/strong><\/h4><p>Salon N\u00e4k\u00f6vammaiset ry:n puheenjohtajana toimii P\u00e4ivi Vigg. H\u00e4nen puhelinnumeronsa on 044 530 5795 ja s\u00e4hk\u00f6postiosoitteensa puheenjohtaja@salonnakovammaiset.fi.<\/p><p>Yhdistyksen sihteerin teht\u00e4vi\u00e4 hoitaa Hilkka Nurmi. H\u00e4nen puhelinnumeronsa on 0400 320 928 ja s\u00e4hk\u00f6postiosoitteensa hilkka.nurmi@kolumbus.fi.<\/p><p>Rahastonhoitajan yhdistyksell\u00e4 on Eija Nummi. H\u00e4nen puhelinnumeronsa on 044 735 7869 ja s\u00e4hk\u00f6postiosoitteensa eijanummi92@gmail.com.<\/p><h4><strong>YHTEYSTIEDOT<\/strong><\/h4><p>Salon N\u00e4k\u00f6vammaiset ry:n virallinen osoite on Salon N\u00e4k\u00f6vammaiset ry.\/P\u00e4ivi Vigg, M\u00e4ntytie 30, 25500 Perni\u00f6.<\/p><p>Yhdistyksen laskutusosoite on Salon N\u00e4k\u00f6vammaiset ry,\/Eija Nummi, Kaukassalontie 92, 25630 S\u00e4rkisalo.<\/p><p>Sellainen posti, joka vaatii lukemista ja toimenpiteit\u00e4, on parasta l\u00e4hett\u00e4\u00e4 yhdistyksen sihteerille osoitteeseen Salon N\u00e4k\u00f6vammaiset ry.\/Hilkka Nurmi, Korventie 20, 25500 Perni\u00f6.<\/p><p>Kaikki j\u00e4senasiat kuuluvat j\u00e4senvastaavalle. H\u00e4nen puhelinnumeronsa on 044 530 5795 ja s\u00e4hk\u00f6postiosoitteensa jasenvastaava@salonnakovammaiset.fi.<\/p>\t\t\t\t\t\t\t\t<\/div>\n\t\t\t\t<\/div>\n\t\t\t\t\t<\/div>\n\t\t\t\t<\/div>\n\t\t\t\t<\/div>\n\t\t","protected":false},"excerpt":{"rendered":"<p>Yhteystiedot SALON N\u00c4K\u00d6VAMMAISET RY:N TOIMIHENKIL\u00d6T Salon N\u00e4k\u00f6vammaiset ry:n puheenjohtajana toimii P\u00e4ivi Vigg. H\u00e4nen puhelinnumeronsa on 044 530 5795 ja s\u00e4hk\u00f6postiosoitteensa puheenjohtaja@salonnakovammaiset.fi. Yhdistyksen sihteerin teht\u00e4vi\u00e4 hoitaa Hilkka Nurmi. H\u00e4nen puhelinnumeronsa on 0400 320 928 ja s\u00e4hk\u00f6postiosoitteensa hilkka.nurmi@kolumbus.fi. Rahastonhoitajan yhdistyksell\u00e4 on Eija Nummi. H\u00e4nen puhelinnumeronsa on 044 735 7869 ja s\u00e4hk\u00f6postiosoitteensa eijanummi92@gmail.com. YHTEYSTIEDOT Salon N\u00e4k\u00f6vammaiset ry:n virallinen &#8230; <a title=\"Yhteystiedot\" class=\"read-more\" href=\"https:\/\/snvdemo.konstfabrik.fi\/index.php\/yhteystiedot\/\" aria-label=\"Lue lis\u00e4\u00e4 aiheesta Yhteystiedot\">Lue lis\u00e4\u00e4<\/a><\/p>\n","protected":false},"author":1,"featured_media":0,"parent":0,"menu_order":0,"comment_status":"closed","ping_status":"closed","template":"","meta":{"footnotes":""},"class_list":["post-211","page","type-page","status-publish"],"_links":{"self":[{"href":"https:\/\/snvdemo.konstfabrik.fi\/index.php\/wp-json\/wp\/v2\/pages\/211","targetHints":{"allow":["GET"]}}],"collection":[{"href":"https:\/\/snvdemo.konstfabrik.fi\/index.php\/wp-json\/wp\/v2\/pages"}],"about":[{"href":"https:\/\/snvdemo.konstfabrik.fi\/index.php\/wp-json\/wp\/v2\/types\/page"}],"author":[{"embeddable":true,"href":"https:\/\/snvdemo.konstfabrik.fi\/index.php\/wp-json\/wp\/v2\/users\/1"}],"replies":[{"embeddable":true,"href":"https:\/\/snvdemo.konstfabrik.fi\/index.php\/wp-json\/wp\/v2\/comments?post=211"}],"version-history":[{"count":29,"href":"https:\/\/snvdemo.konstfabrik.fi\/index.php\/wp-json\/wp\/v2\/pages\/211\/revisions"}],"predecessor-version":[{"id":573,"href":"https:\/\/snvdemo.konstfabrik.fi\/index.php\/wp-json\/wp\/v2\/pages\/211\/revisions\/573"}],"wp:attachment":[{"href":"https:\/\/snvdemo.konstfabrik.fi\/index.php\/wp-json\/wp\/v2\/media?parent=211"}],"curies":[{"name":"wp","href":"https:\/\/api.w.org\/{rel}","templated":true}]}}