{"id":177,"date":"2024-09-15T06:23:37","date_gmt":"2024-09-15T06:23:37","guid":{"rendered":"https:\/\/demo.konstfabrik.fi\/?page_id=177"},"modified":"2025-01-24T11:17:32","modified_gmt":"2025-01-24T11:17:32","slug":"hallinto","status":"publish","type":"page","link":"https:\/\/snvdemo.konstfabrik.fi\/index.php\/hallinto\/","title":{"rendered":"Hallinto"},"content":{"rendered":"\t\t<div data-elementor-type=\"wp-page\" data-elementor-id=\"177\" class=\"elementor elementor-177\">\n\t\t\t\t<div class=\"elementor-element elementor-element-b2a2fdc e-flex e-con-boxed e-con e-parent\" data-id=\"b2a2fdc\" data-element_type=\"container\" data-e-type=\"container\">\n\t\t\t\t\t<div class=\"e-con-inner\">\n\t\t\t\t<div class=\"elementor-element elementor-element-cd835db elementor-widget elementor-widget-heading\" data-id=\"cd835db\" data-element_type=\"widget\" data-e-type=\"widget\" data-widget_type=\"heading.default\">\n\t\t\t\t<div class=\"elementor-widget-container\">\n\t\t\t\t\t<h2 class=\"elementor-heading-title elementor-size-default\">Hallinto<\/h2>\t\t\t\t<\/div>\n\t\t\t\t<\/div>\n\t\t\t\t<div class=\"elementor-element elementor-element-fb49bb4 elementor-widget elementor-widget-text-editor\" data-id=\"fb49bb4\" data-element_type=\"widget\" data-e-type=\"widget\" data-widget_type=\"text-editor.default\">\n\t\t\t\t<div class=\"elementor-widget-container\">\n\t\t\t\t\t\t\t\t\t<h4 class=\"western\"><strong>SALON N\u00c4K\u00d6VAMMAISET RY:N HALLINTO<\/strong><\/h4><p>Salon N\u00e4k\u00f6vammaiset ry:n hallitukseen kuuluu puheenjohtaja ja nelj\u00e4 varsinaista j\u00e4sent\u00e4 sek\u00e4 kaksi varaj\u00e4sent\u00e4.<\/p><p>Hallitus valitaan yhdistyksen vuosikokouksessa, joka pidet\u00e4\u00e4n helmi-toukokuussa. Hallituksen j\u00e4senen kausi on 2 vuoden mittainen ja kest\u00e4\u00e4 vuosikokouksesta vuosikokoukseen.<\/p><p>Hallitus kokoontuu tarpeen vaatiessa. Hallituksen teht\u00e4v\u00e4n\u00e4 on valita keskuudestaan varapuheenjohtaja kalenterivuodeksi kerrallaan. Rahastonhoitaja ja sihteeri voidaan valita joko hallituksen j\u00e4senist\u00e4 tai hallituksen ulkopuolelta. Kumpikin valitaan toistaiseksi teht\u00e4viins\u00e4.<\/p><p>Hallituksella on oikeus valita tarpeelliseksi katsomansa toimikunnat ja ty\u00f6ryhm\u00e4t j\u00e4rjest\u00e4ytymiskokouksessaan. Hallitus hoitaa yhdistyksen yhdistyksen varoja ja toimintaa yhdistyslain, yhdistyksen s\u00e4\u00e4nt\u00f6jen ja yhdistyksen kokousten p\u00e4\u00e4t\u00f6sten mukaan. Hallituksen teht\u00e4v\u00e4n\u00e4 on valmistella kaikki yhdistyksen kokouksen k\u00e4sitelt\u00e4v\u00e4t asiat. Hallitus edustaa Salon N\u00e4k\u00f6vammaisia kaikkialla.<\/p><p>Yhdistyksen puheenjohtajana on vuonna 2024 P\u00e4ivi Vigg. Hallituksen varsinaisina j\u00e4senin\u00e4 toimivat vuonna 2024 Antero Aaltonen, Heikki Hannula ja Eila Sipponen. Heist\u00e4 Eila Sipponen toimii yhdistyksen varapuheenjohtajana. Hallituksen varaj\u00e4senin\u00e4 toimivat Tarja Miikkulainen ja Liisa Oksanen.<\/p>\t\t\t\t\t\t\t\t<\/div>\n\t\t\t\t<\/div>\n\t\t\t\t\t<\/div>\n\t\t\t\t<\/div>\n\t\t\t\t<\/div>\n\t\t","protected":false},"excerpt":{"rendered":"<p>Hallinto SALON N\u00c4K\u00d6VAMMAISET RY:N HALLINTO Salon N\u00e4k\u00f6vammaiset ry:n hallitukseen kuuluu puheenjohtaja ja nelj\u00e4 varsinaista j\u00e4sent\u00e4 sek\u00e4 kaksi varaj\u00e4sent\u00e4. Hallitus valitaan yhdistyksen vuosikokouksessa, joka pidet\u00e4\u00e4n helmi-toukokuussa. Hallituksen j\u00e4senen kausi on 2 vuoden mittainen ja kest\u00e4\u00e4 vuosikokouksesta vuosikokoukseen. Hallitus kokoontuu tarpeen vaatiessa. Hallituksen teht\u00e4v\u00e4n\u00e4 on valita keskuudestaan varapuheenjohtaja kalenterivuodeksi kerrallaan. Rahastonhoitaja ja sihteeri voidaan valita joko hallituksen &#8230; <a title=\"Hallinto\" class=\"read-more\" href=\"https:\/\/snvdemo.konstfabrik.fi\/index.php\/hallinto\/\" aria-label=\"Lue lis\u00e4\u00e4 aiheesta Hallinto\">Lue lis\u00e4\u00e4<\/a><\/p>\n","protected":false},"author":1,"featured_media":0,"parent":0,"menu_order":0,"comment_status":"closed","ping_status":"closed","template":"","meta":{"footnotes":""},"class_list":["post-177","page","type-page","status-publish"],"_links":{"self":[{"href":"https:\/\/snvdemo.konstfabrik.fi\/index.php\/wp-json\/wp\/v2\/pages\/177","targetHints":{"allow":["GET"]}}],"collection":[{"href":"https:\/\/snvdemo.konstfabrik.fi\/index.php\/wp-json\/wp\/v2\/pages"}],"about":[{"href":"https:\/\/snvdemo.konstfabrik.fi\/index.php\/wp-json\/wp\/v2\/types\/page"}],"author":[{"embeddable":true,"href":"https:\/\/snvdemo.konstfabrik.fi\/index.php\/wp-json\/wp\/v2\/users\/1"}],"replies":[{"embeddable":true,"href":"https:\/\/snvdemo.konstfabrik.fi\/index.php\/wp-json\/wp\/v2\/comments?post=177"}],"version-history":[{"count":38,"href":"https:\/\/snvdemo.konstfabrik.fi\/index.php\/wp-json\/wp\/v2\/pages\/177\/revisions"}],"predecessor-version":[{"id":622,"href":"https:\/\/snvdemo.konstfabrik.fi\/index.php\/wp-json\/wp\/v2\/pages\/177\/revisions\/622"}],"wp:attachment":[{"href":"https:\/\/snvdemo.konstfabrik.fi\/index.php\/wp-json\/wp\/v2\/media?parent=177"}],"curies":[{"name":"wp","href":"https:\/\/api.w.org\/{rel}","templated":true}]}}